[INFO] cloning repository https://github.com/denmilu/badtouch
[INFO] running `Command { std: "git" "-c" "credential.helper=" "-c" "credential.helper=/workspace/cargo-home/bin/git-credential-null" "clone" "--bare" "https://github.com/denmilu/badtouch" "/workspace/cache/git-repos/https%3A%2F%2Fgithub.com%2Fdenmilu%2Fbadtouch", kill_on_drop: false }`
[INFO] [stderr] Cloning into bare repository '/workspace/cache/git-repos/https%3A%2F%2Fgithub.com%2Fdenmilu%2Fbadtouch'...
[INFO] running `Command { std: "git" "rev-parse" "HEAD", kill_on_drop: false }`
[INFO] [stdout] 3e634d781c5cf8948d50e0252055153719ac6b1d
[INFO] checking denmilu/badtouch against master#cfbc6d4cf1acbac5c025acf8ed68929caa551df3 for pr-75494-beta
[INFO] running `Command { std: "git" "clone" "/workspace/cache/git-repos/https%3A%2F%2Fgithub.com%2Fdenmilu%2Fbadtouch" "/workspace/builds/worker-1/source", kill_on_drop: false }`
[INFO] [stderr] Cloning into '/workspace/builds/worker-1/source'...
[INFO] [stderr] done.
[INFO] validating manifest of git repo https://github.com/denmilu/badtouch on toolchain cfbc6d4cf1acbac5c025acf8ed68929caa551df3
[INFO] running `Command { std: "/workspace/cargo-home/bin/cargo" "+cfbc6d4cf1acbac5c025acf8ed68929caa551df3" "read-manifest" "--manifest-path" "Cargo.toml", kill_on_drop: false }`
[INFO] started tweaking git repo https://github.com/denmilu/badtouch
[INFO] finished tweaking git repo https://github.com/denmilu/badtouch
[INFO] tweaked toml for git repo https://github.com/denmilu/badtouch written to /workspace/builds/worker-1/source/Cargo.toml
[INFO] crate git repo https://github.com/denmilu/badtouch already has a lockfile, it will not be regenerated
[INFO] running `Command { std: "/workspace/cargo-home/bin/cargo" "+cfbc6d4cf1acbac5c025acf8ed68929caa551df3" "fetch" "--locked" "--manifest-path" "Cargo.toml", kill_on_drop: false }`
[INFO] [stderr]     Blocking waiting for file lock on package cache
[INFO] [stderr]     Blocking waiting for file lock on package cache
[INFO] [stderr]  Downloading crates ...
[INFO] [stderr]   Downloaded scoped-tls v0.1.1
[INFO] [stderr]   Downloaded md-5 v0.7.0
[INFO] [stderr]   Downloaded atoi v0.2.3
[INFO] [stderr]   Downloaded tokio-uds v0.1.7
[INFO] [stderr]   Downloaded selectors v0.19.0
[INFO] [stderr]   Downloaded structopt v0.2.7
[INFO] [stderr]   Downloaded utf-8 v0.7.2
[INFO] [stderr]   Downloaded cssparser-macros v0.3.3
[INFO] [stderr]   Downloaded bufstream v0.1.3
[INFO] [stderr]   Downloaded tokio-timer v0.2.1
[INFO] [stderr]   Downloaded html5ever v0.22.3
[INFO] [stderr]   Downloaded tokio v0.1.5
[INFO] [stderr]   Downloaded string_cache v0.7.2
[INFO] [stderr]   Downloaded crossbeam-deque v0.3.0
[INFO] [stderr]   Downloaded named_pipe v0.3.0
[INFO] [stderr]   Downloaded termios v0.3.0
[INFO] [stderr]   Downloaded bcrypt v0.2.0
[INFO] [stderr]   Downloaded block-cipher-trait v0.5.0
[INFO] [stderr]   Downloaded getopts v0.2.17
[INFO] [stderr]   Downloaded openssl-sys v0.9.28
[INFO] [stderr]   Downloaded cssparser v0.23.6
[INFO] [stderr]   Downloaded mysql_common v0.5.0
[INFO] [stderr]   Downloaded kuchiki v0.7.0
[INFO] [stderr]   Downloaded crypto-mac v0.6.0
[INFO] [stderr]   Downloaded hmac v0.6.2
[INFO] [stderr]   Downloaded structopt-derive v0.2.7
[INFO] [stderr]   Downloaded hyper v0.11.25
[INFO] [stderr]   Downloaded markup5ever v0.7.2
[INFO] [stderr]   Downloaded mio-uds v0.6.4
[INFO] [stderr]   Downloaded tokio-threadpool v0.1.2
[INFO] [stderr]   Downloaded ldap3 v0.6.0
[INFO] [stderr]   Downloaded cc v1.0.13
[INFO] [stderr]   Downloaded lua52-sys v0.1.1
[INFO] [stderr]   Downloaded clippy v0.0.195
[INFO] [stderr]   Downloaded tokio-uds-proto v0.1.1
[INFO] [stderr]   Downloaded hlua-badtouch v0.4.2
[INFO] [stderr]   Downloaded lber v0.1.6
[INFO] [stderr]   Downloaded getch v0.2.0
[INFO] [stderr]   Downloaded mysql v12.3.1
[INFO] [stderr]   Downloaded clippy_lints v0.0.195
[INFO] running `Command { std: "docker" "create" "-v" "/var/lib/crater-agent-workspace/builds/worker-1/target:/opt/rustwide/target:rw,Z" "-v" "/var/lib/crater-agent-workspace/builds/worker-1/source:/opt/rustwide/workdir:ro,Z" "-v" "/var/lib/crater-agent-workspace/cargo-home:/opt/rustwide/cargo-home:ro,Z" "-v" "/var/lib/crater-agent-workspace/rustup-home:/opt/rustwide/rustup-home:ro,Z" "-e" "SOURCE_DIR=/opt/rustwide/workdir" "-e" "CARGO_TARGET_DIR=/opt/rustwide/target" "-e" "CARGO_HOME=/opt/rustwide/cargo-home" "-e" "RUSTUP_HOME=/opt/rustwide/rustup-home" "-w" "/opt/rustwide/workdir" "-m" "1610612736" "--user" "0:0" "--network" "none" "rustops/crates-build-env@sha256:a636fd89d022f18117e1dc8fb37a0a009933cdbbe082814857f0e2024962d47c" "/opt/rustwide/cargo-home/bin/cargo" "+cfbc6d4cf1acbac5c025acf8ed68929caa551df3" "metadata" "--no-deps" "--format-version=1", kill_on_drop: false }`
[INFO] [stderr] WARNING: Your kernel does not support swap limit capabilities or the cgroup is not mounted. Memory limited without swap.
[INFO] [stdout] ab030cc56c8c4fe0eda7ea1979624051610fd05bbfe6e136a9a97681001fc652
[INFO] running `Command { std: "docker" "start" "-a" "ab030cc56c8c4fe0eda7ea1979624051610fd05bbfe6e136a9a97681001fc652", kill_on_drop: false }`
[INFO] running `Command { std: "docker" "inspect" "ab030cc56c8c4fe0eda7ea1979624051610fd05bbfe6e136a9a97681001fc652", kill_on_drop: false }`
[INFO] running `Command { std: "docker" "rm" "-f" "ab030cc56c8c4fe0eda7ea1979624051610fd05bbfe6e136a9a97681001fc652", kill_on_drop: false }`
[INFO] [stdout] ab030cc56c8c4fe0eda7ea1979624051610fd05bbfe6e136a9a97681001fc652
[INFO] running `Command { std: "docker" "create" "-v" "/var/lib/crater-agent-workspace/builds/worker-1/target:/opt/rustwide/target:rw,Z" "-v" "/var/lib/crater-agent-workspace/builds/worker-1/source:/opt/rustwide/workdir:ro,Z" "-v" "/var/lib/crater-agent-workspace/cargo-home:/opt/rustwide/cargo-home:ro,Z" "-v" "/var/lib/crater-agent-workspace/rustup-home:/opt/rustwide/rustup-home:ro,Z" "-e" "SOURCE_DIR=/opt/rustwide/workdir" "-e" "CARGO_TARGET_DIR=/opt/rustwide/target" "-e" "CARGO_INCREMENTAL=0" "-e" "RUST_BACKTRACE=full" "-e" "RUSTFLAGS=--cap-lints=forbid" "-e" "CARGO_HOME=/opt/rustwide/cargo-home" "-e" "RUSTUP_HOME=/opt/rustwide/rustup-home" "-w" "/opt/rustwide/workdir" "-m" "1610612736" "--user" "0:0" "--network" "none" "rustops/crates-build-env@sha256:a636fd89d022f18117e1dc8fb37a0a009933cdbbe082814857f0e2024962d47c" "/opt/rustwide/cargo-home/bin/cargo" "+cfbc6d4cf1acbac5c025acf8ed68929caa551df3" "check" "--frozen" "--all" "--all-targets" "--message-format=json", kill_on_drop: false }`
[INFO] [stdout] 77341de458dc2b7df9195a4315f47feb299b001fafec51ab2daadaade97f7a78
[INFO] [stderr] WARNING: Your kernel does not support swap limit capabilities or the cgroup is not mounted. Memory limited without swap.
[INFO] running `Command { std: "docker" "start" "-a" "77341de458dc2b7df9195a4315f47feb299b001fafec51ab2daadaade97f7a78", kill_on_drop: false }`
[INFO] [stderr]     Blocking waiting for file lock on package cache
[INFO] [stderr]     Checking byteorder v1.2.2
[INFO] [stderr]    Compiling siphasher v0.2.2
[INFO] [stderr]     Checking futures v0.1.21
[INFO] [stderr]     Checking nodrop v0.1.12
[INFO] [stderr]    Compiling cc v1.0.13
[INFO] [stderr]    Compiling pkg-config v0.3.11
[INFO] [stderr]     Checking serde v1.0.43
[INFO] [stderr]    Compiling string_cache_shared v0.3.0
[INFO] [stderr]     Checking scoped-tls v0.1.1
[INFO] [stderr]     Checking itoa v0.4.1
[INFO] [stderr]     Checking bitflags v1.0.2
[INFO] [stderr]    Compiling dtoa v0.4.2
[INFO] [stderr]    Compiling build_const v0.2.1
[INFO] [stderr]     Checking mac v0.1.1
[INFO] [stderr]     Checking arrayref v0.3.4
[INFO] [stderr]    Compiling procedural-masquerade v0.1.5
[INFO] [stderr]    Compiling winapi-build v0.1.1
[INFO] [stderr]     Checking utf-8 v0.7.2
[INFO] [stderr]    Compiling gcc v0.3.54
[INFO] [stderr]     Checking smallvec v0.6.1
[INFO] [stderr]     Checking stable_deref_trait v1.0.0
[INFO] [stderr]     Checking winapi v0.2.8
[INFO] [stderr]     Checking bit-vec v0.4.4
[INFO] [stderr]     Checking constant_time_eq v0.1.3
[INFO] [stderr]     Checking opaque-debug v0.1.1
[INFO] [stderr]    Compiling nix v0.10.0
[INFO] [stderr]     Checking nom v2.2.1
[INFO] [stderr]     Checking rustc-demangle v0.1.7
[INFO] [stderr]     Checking sha1 v0.2.0
[INFO] [stderr]     Checking adler32 v1.0.2
[INFO] [stderr]     Checking smallvec v0.4.4
[INFO] [stderr]     Checking keccak v0.1.0
[INFO] [stderr]     Checking termcolor v0.3.6
[INFO] [stderr]     Checking bufstream v0.1.3
[INFO] [stderr]     Checking iovec v0.1.2
[INFO] [stderr]     Checking rand v0.4.2
[INFO] [stderr]     Checking net2 v0.2.32
[INFO] [stderr]     Checking crossbeam-utils v0.3.2
[INFO] [stderr]     Checking num_cpus v1.8.0
[INFO] [stderr]     Checking crossbeam-utils v0.2.2
[INFO] [stderr]     Checking time v0.1.39
[INFO] [stderr]     Checking atty v0.2.9
[INFO] [stderr]     Checking termios v0.2.2
[INFO] [stderr]     Checking termios v0.3.0
[INFO] [stderr]    Compiling proc-macro2 v0.3.7
[INFO] [stderr]     Checking unreachable v0.1.1
[INFO] [stderr]     Checking unreachable v1.0.0
[INFO] [stderr]     Checking dtoa-short v0.3.2
[INFO] [stderr]     Checking colored v1.6.0
[INFO] [stderr]     Checking nix v0.9.0
[INFO] [stderr]     Checking arrayvec v0.4.7
[INFO] [stderr]     Checking num-integer v0.1.36
[INFO] [stderr]     Checking atoi v0.2.3
[INFO] [stderr]     Checking regex-syntax v0.5.5
[INFO] [stderr]     Checking block-buffer v0.3.3
[INFO] [stderr]     Checking base64 v0.9.1
[INFO] [stderr]     Checking humantime v1.1.1
[INFO] [stderr]    Compiling kernel32-sys v0.2.2
[INFO] [stderr]     Checking servo_arc v0.1.1
[INFO] [stderr]    Compiling crc v1.8.1
[INFO] [stderr]     Checking bytes v0.4.7
[INFO] [stderr]     Checking threadpool v1.7.1
[INFO] [stderr]     Checking getch v0.2.0
[INFO] [stderr]     Checking debug_unreachable v0.1.1
[INFO] [stderr]     Checking mio v0.6.14
[INFO] [stderr]     Checking thread_local v0.3.5
[INFO] [stderr]     Checking chrono v0.4.2
[INFO] [stderr]     Checking clap v2.31.2
[INFO] [stderr]     Checking crossbeam-epoch v0.4.1
[INFO] [stderr]     Checking rand v0.3.22
[INFO] [stderr]    Compiling quote v0.5.2
[INFO] [stderr]     Checking generic-array v0.9.0
[INFO] [stderr]     Checking futf v0.1.3
[INFO] [stderr]     Checking url v1.7.0
[INFO] [stderr]    Compiling lua52-sys v0.1.1
[INFO] [stderr]     Checking lber v0.1.6
[INFO] [stderr]     Checking uuid v0.5.1
[INFO] [stderr]     Checking twox-hash v1.1.0
[INFO] [stderr]    Compiling phf_shared v0.7.21
[INFO] [stdout] error[E0214]: parenthesized type parameters may only be used with a `Fn` trait
[INFO] [stdout]   --> /opt/rustwide/cargo-home/registry/src/github.com-1ecc6299db9ec823/twox-hash-1.1.0/src/number_streams.rs:67:23
[INFO] [stdout]    |
[INFO] [stdout] 67 |     fn count(self) -> usize() {
[INFO] [stdout]    |                       ^^^^^^^ only `Fn` traits may use parentheses
[INFO] [stdout] ...
[INFO] [stdout] 74 | number_stream!(U32FromBytes, u32, U32_BYTES);
[INFO] [stdout]    | --------------------------------------------- in this macro invocation
[INFO] [stdout]    |
[INFO] [stdout]    = note: this error originates in a macro (in Nightly builds, run with -Z macro-backtrace for more info)
[INFO] [stdout] 
[INFO] [stdout] 
[INFO] [stdout] error[E0214]: parenthesized type parameters may only be used with a `Fn` trait
[INFO] [stdout]   --> /opt/rustwide/cargo-home/registry/src/github.com-1ecc6299db9ec823/twox-hash-1.1.0/src/number_streams.rs:67:23
[INFO] [stdout]    |
[INFO] [stdout] 67 |     fn count(self) -> usize() {
[INFO] [stdout]    |                       ^^^^^^^ only `Fn` traits may use parentheses
[INFO] [stdout] ...
[INFO] [stdout] 75 | number_stream!(U64FromBytes, u64, U64_BYTES);
[INFO] [stdout]    | --------------------------------------------- in this macro invocation
[INFO] [stdout]    |
[INFO] [stdout]    = note: this error originates in a macro (in Nightly builds, run with -Z macro-backtrace for more info)
[INFO] [stdout] 
[INFO] [stdout] 
[INFO] [stderr]    Compiling syn v0.13.1
[INFO] [stdout] error: aborting due to 2 previous errors
[INFO] [stdout] 
[INFO] [stdout] 
[INFO] [stdout] For more information about this error, try `rustc --explain E0214`.
[INFO] [stdout] 
[INFO] [stderr] error: could not compile `twox-hash`.
[INFO] [stderr] 
[INFO] [stderr] To learn more, run the command again with --verbose.
[INFO] [stderr] warning: build failed, waiting for other jobs to finish...
[INFO] [stdout] error[E0713]: borrow may still be in use when destructor runs
[INFO] [stdout]    --> /opt/rustwide/cargo-home/registry/src/github.com-1ecc6299db9ec823/url-1.7.0/src/form_urlencoded.rs:261:40
[INFO] [stdout]     |
[INFO] [stdout] 259 | impl<'a> Target for ::UrlQuery<'a> {
[INFO] [stdout]     |      -- lifetime `'a` defined here
[INFO] [stdout] 260 |     fn as_mut_string(&mut self) -> &mut String { &mut self.url.serialization }
[INFO] [stdout] 261 |     fn finish(self) -> &'a mut ::Url { self.url }
[INFO] [stdout]     |                                        ^^^^^^^^ - here, drop of `self` needs exclusive access to `*self.url`, because the type `UrlQuery<'_>` implements the `Drop` trait
[INFO] [stdout]     |                                        |
[INFO] [stdout]     |                                        returning this value requires that `*self.url` is borrowed for `'a`
[INFO] [stdout] 
[INFO] [stdout] 
[INFO] [stdout] error: aborting due to previous error
[INFO] [stdout] 
[INFO] [stdout] 
[INFO] [stdout] For more information about this error, try `rustc --explain E0713`.
[INFO] [stdout] 
[INFO] [stderr] error: build failed
[INFO] running `Command { std: "docker" "inspect" "77341de458dc2b7df9195a4315f47feb299b001fafec51ab2daadaade97f7a78", kill_on_drop: false }`
[INFO] running `Command { std: "docker" "rm" "-f" "77341de458dc2b7df9195a4315f47feb299b001fafec51ab2daadaade97f7a78", kill_on_drop: false }`
[INFO] [stdout] 77341de458dc2b7df9195a4315f47feb299b001fafec51ab2daadaade97f7a78
